{"id":567,"date":"2023-11-26T17:29:41","date_gmt":"2023-11-26T16:29:41","guid":{"rendered":"https:\/\/ceuxquichantentdebout.fr\/?page_id=567"},"modified":"2025-12-22T14:45:46","modified_gmt":"2025-12-22T13:45:46","slug":"le-choeur","status":"publish","type":"page","link":"https:\/\/ceuxquichantentdebout.fr\/?page_id=567","title":{"rendered":"Le Choeur"},"content":{"rendered":"<style>.kb-row-layout-id567_02fa65-9f > .kt-row-column-wrap{align-content:start;}:where(.kb-row-layout-id567_02fa65-9f > .kt-row-column-wrap) > .wp-block-kadence-column{justify-content:start;}.kb-row-layout-id567_02fa65-9f > .kt-row-column-wrap{column-gap:var(--global-kb-gap-none, 0rem );row-gap:var(--global-kb-gap-none, 0rem );max-width:1088px;margin-left:auto;margin-right:auto;padding-top:var(--global-kb-spacing-sm, 1.5rem);padding-bottom:var(--global-kb-spacing-sm, 1.5rem);grid-template-columns:minmax(0, 1fr);}.kb-row-layout-id567_02fa65-9f{background-image:linear-gradient(92deg,rgb(204,186,151) 73%,rgb(20,39,109) 100%);}.kb-row-layout-id567_02fa65-9f > .kt-row-layout-overlay{opacity:0.30;background-image:url('http:\/\/ceuxquichantentdebout.fr\/wp-content\/uploads\/2025\/10\/image-3.png');background-size:60% 60%;background-position:13% 100%;background-attachment:scroll;background-repeat:no-repeat;mix-blend-mode:overlay;}@media all and (max-width: 1024px){.kb-row-layout-id567_02fa65-9f > .kt-row-column-wrap{grid-template-columns:minmax(0, 1fr);}}@media all and (max-width: 767px){.kb-row-layout-id567_02fa65-9f > .kt-row-column-wrap{grid-template-columns:minmax(0, 1fr);}}<\/style><div class=\"kb-row-layout-wrap kb-row-layout-id567_02fa65-9f alignnone kt-row-has-bg wp-block-kadence-rowlayout\"><div class=\"kt-row-layout-overlay kt-row-overlay-normal\"><\/div><div class=\"kt-row-column-wrap kt-has-1-columns kt-row-layout-equal kt-tab-layout-inherit kt-mobile-layout-row kt-row-valign-top\">\n<style>.kadence-column567_a83dc9-ba > .kt-inside-inner-col,.kadence-column567_a83dc9-ba > .kt-inside-inner-col:before{border-top-left-radius:0px;border-top-right-radius:0px;border-bottom-right-radius:0px;border-bottom-left-radius:0px;}.kadence-column567_a83dc9-ba > .kt-inside-inner-col{column-gap:var(--global-kb-gap-sm, 1rem);}.kadence-column567_a83dc9-ba > .kt-inside-inner-col{flex-direction:column;}.kadence-column567_a83dc9-ba > .kt-inside-inner-col > .aligncenter{width:100%;}.kadence-column567_a83dc9-ba > .kt-inside-inner-col:before{opacity:0.3;}.kadence-column567_a83dc9-ba{text-align:center;}.kadence-column567_a83dc9-ba{position:relative;}@media all and (max-width: 1024px){.kadence-column567_a83dc9-ba > .kt-inside-inner-col{flex-direction:column;justify-content:center;}}@media all and (max-width: 767px){.kadence-column567_a83dc9-ba > .kt-inside-inner-col{flex-direction:column;justify-content:center;}}<\/style>\n<div class=\"wp-block-kadence-column kadence-column567_a83dc9-ba\"><div class=\"kt-inside-inner-col\"><div class=\"wp-block-image is-style-default\">\n<figure class=\"aligncenter size-full\"><img loading=\"lazy\" decoding=\"async\" width=\"1863\" height=\"893\" src=\"https:\/\/ceuxquichantentdebout.fr\/wp-content\/uploads\/2023\/12\/Chorale-2023-cadre.jpg\" alt=\"\" class=\"wp-image-696\" srcset=\"https:\/\/ceuxquichantentdebout.fr\/wp-content\/uploads\/2023\/12\/Chorale-2023-cadre.jpg 1863w, https:\/\/ceuxquichantentdebout.fr\/wp-content\/uploads\/2023\/12\/Chorale-2023-cadre-300x144.jpg 300w, https:\/\/ceuxquichantentdebout.fr\/wp-content\/uploads\/2023\/12\/Chorale-2023-cadre-1024x491.jpg 1024w, https:\/\/ceuxquichantentdebout.fr\/wp-content\/uploads\/2023\/12\/Chorale-2023-cadre-768x368.jpg 768w, https:\/\/ceuxquichantentdebout.fr\/wp-content\/uploads\/2023\/12\/Chorale-2023-cadre-1536x736.jpg 1536w\" sizes=\"auto, (max-width: 1863px) 100vw, 1863px\" \/><\/figure><\/div><\/div><\/div>\n\n\n<style>.kadence-column567_f3d7bd-66 > .kt-inside-inner-col{display:flex;}.kadence-column567_f3d7bd-66 > .kt-inside-inner-col,.kadence-column567_f3d7bd-66 > .kt-inside-inner-col:before{border-top-left-radius:0px;border-top-right-radius:0px;border-bottom-right-radius:0px;border-bottom-left-radius:0px;}.kadence-column567_f3d7bd-66 > .kt-inside-inner-col{column-gap:var(--global-kb-gap-sm, 1rem);}.kadence-column567_f3d7bd-66 > .kt-inside-inner-col{flex-direction:column;align-items:center;}.kadence-column567_f3d7bd-66 > .kt-inside-inner-col > .kb-image-is-ratio-size{align-self:stretch;}.kadence-column567_f3d7bd-66 > .kt-inside-inner-col > .wp-block-kadence-advancedgallery{align-self:stretch;}.kadence-column567_f3d7bd-66 > .kt-inside-inner-col > .aligncenter{width:100%;}.kadence-column567_f3d7bd-66 > .kt-inside-inner-col:before{opacity:0.3;}.kadence-column567_f3d7bd-66{text-align:left;}.kadence-column567_f3d7bd-66{position:relative;}@media all and (max-width: 1024px){.kadence-column567_f3d7bd-66 > .kt-inside-inner-col{flex-direction:column;justify-content:center;align-items:center;}}@media all and (max-width: 767px){.kadence-column567_f3d7bd-66 > .kt-inside-inner-col{flex-direction:column;justify-content:center;align-items:center;}}<\/style>\n<div class=\"wp-block-kadence-column kadence-column567_f3d7bd-66\"><div class=\"kt-inside-inner-col\">\n<h2 class=\"wp-block-heading has-text-align-center has-theme-palette-3-color has-text-color has-link-color has-larger-font-size wp-elements-b7e452c1e1318bd24f55123c82ba6ca3\"><strong>Le C(h)\u0153ur<\/strong><\/h2>\n\n\n\n<p style=\"font-size:18px\"><strong><em>E<\/em><\/strong>n septembre 2002, il y a pr\u00e8s de 22 ans, naissait un petit groupe d\u2019une dizaine de personnes dirig\u00e9 par un chef de ch\u0153ur passionn\u00e9 par les Musiques du Monde, les chants populaires, traditionnels et les chants sacr\u00e9s\u2026<\/p>\n\n\n\n<p class=\"has-theme-palette-3-color has-text-color has-link-color wp-elements-f0637288f9c2dd76a059fd71197c9982\" style=\"font-size:18px\"><strong><em>F<\/em><\/strong>orm\u00e9 \u00e0 ce r\u00e9pertoire au th\u00e9\u00e2tre du Lierre, il y a plus de 30 ans par des initi\u00e9s de la 1\u00e8re heure, <a href=\"https:\/\/ceuxquichantentdebout.fr\/?page_id=778\" data-type=\"page\" data-id=\"778\">Fabrice Aug\u00e9-Dedieu <\/a>importait sa passion dans une petite ville des Yvelines, &#8220;Maisons-Laffitte&#8221;, Cit\u00e9 du cheval.<\/p>\n\n\n\n<p style=\"font-size:18px\"><strong><em>V<\/em><\/strong>ingt-deux ans plus tard, la chorale comprend une quarantaine de chanteurs qui se retrouvent le mercredi soir pour faire vibrer leurs cordes vocales et communier ensemble sous la direction d\u2019un chef de ch\u0153ur toujours aussi passionn\u00e9.<br><em><strong>C<\/strong><\/em>ette chorale, unique en son genre, est une aventure noble et artistique.<br><strong><em>C<\/em><\/strong>e qui nous anime \u00e0 travers ces chants, c\u2019est de nous initier aux diff\u00e9rentes cultures du monde, diff\u00e9rences humaines et linguistiques et \u00e0 ce qui nous rassemble tout autant.<br><strong><em>C<\/em><\/strong>eux qui chantent debout, avec leurs origines m\u00eal\u00e9es et leurs chants ancestraux se dressent pour donner \u00e0 entendre ces objets vocaux non identifi\u00e9s, qu\u2019ils ont re\u00e7us par le biais de la transmission orale&#8230; comme jadis.<br><strong><em>E<\/em><\/strong>n utilisant souvent des arrangements in\u00e9dits, on peut dire qu&#8217;ils s\u2019amusent bien. Ils vont m\u00eame vous surprendre.<\/p>\n\n\n<style>.wp-block-kadence-advancedheading.kt-adv-heading567_b2e6ce-76, .wp-block-kadence-advancedheading.kt-adv-heading567_b2e6ce-76[data-kb-block=\"kb-adv-heading567_b2e6ce-76\"]{text-align:center;font-style:normal;}.wp-block-kadence-advancedheading.kt-adv-heading567_b2e6ce-76 mark.kt-highlight, .wp-block-kadence-advancedheading.kt-adv-heading567_b2e6ce-76[data-kb-block=\"kb-adv-heading567_b2e6ce-76\"] mark.kt-highlight{font-style:normal;color:#f76a0c;-webkit-box-decoration-break:clone;box-decoration-break:clone;padding-top:0px;padding-right:0px;padding-bottom:0px;padding-left:0px;}.wp-block-kadence-advancedheading.kt-adv-heading567_b2e6ce-76 img.kb-inline-image, .wp-block-kadence-advancedheading.kt-adv-heading567_b2e6ce-76[data-kb-block=\"kb-adv-heading567_b2e6ce-76\"] img.kb-inline-image{width:150px;vertical-align:baseline;}<\/style>\n<h1 class=\"kt-adv-heading567_b2e6ce-76 wp-block-kadence-advancedheading has-theme-palette-3-color has-text-color\" data-kb-block=\"kb-adv-heading567_b2e6ce-76\">L&#8217;unit\u00e9 dans la diversit\u00e9&#8230;<\/h1>\n\n\n\n<p class=\"has-text-align-center\" style=\"font-size:18px\"><strong><em>La paix au c(h)\u0153ur, la force aux ventres, la douceur et l&#8217;\u00e9motion aux voix, <\/em><\/strong><br><strong><em>ils vous guident, en leurs palais\u2026 aux mille et une merveilles.<\/em><\/strong><\/p>\n\n\n\n<p class=\"has-text-align-center has-theme-palette-3-color has-text-color has-link-color has-medium-font-size wp-elements-cd8668366c8958c00cfb3b9c6e4e1ce2\"><strong>Venez nous <strong>\u00e9couter,<\/strong> <strong><strong>nous<\/strong><\/strong><\/strong> <strong>rencontrer&#8230; Venez chanter &nbsp;!<\/strong><\/p>\n<\/div><\/div>\n\n<\/div><\/div>\n\n\n<p><\/p>\n","protected":false},"excerpt":{"rendered":"<p>Le C(h)\u0153ur En septembre 2002, il y a pr\u00e8s de 22 ans, naissait un petit groupe d\u2019une dizaine de personnes dirig\u00e9 par un chef de ch\u0153ur passionn\u00e9 par les Musiques du Monde, les chants populaires, traditionnels et les chants sacr\u00e9s\u2026 Form\u00e9 \u00e0 ce r\u00e9pertoire au th\u00e9\u00e2tre du Lierre, il y a plus de 30 ans&#8230;<\/p>\n","protected":false},"author":1,"featured_media":0,"parent":0,"menu_order":0,"comment_status":"closed","ping_status":"closed","template":"","meta":{"_kadence_starter_templates_imported_post":false,"_kad_post_transparent":"","_kad_post_title":"","_kad_post_layout":"","_kad_post_sidebar_id":"","_kad_post_content_style":"","_kad_post_vertical_padding":"","_kad_post_feature":"","_kad_post_feature_position":"","_kad_post_header":false,"_kad_post_footer":false,"footnotes":""},"class_list":["post-567","page","type-page","status-publish","hentry"],"_links":{"self":[{"href":"https:\/\/ceuxquichantentdebout.fr\/index.php?rest_route=\/wp\/v2\/pages\/567","targetHints":{"allow":["GET"]}}],"collection":[{"href":"https:\/\/ceuxquichantentdebout.fr\/index.php?rest_route=\/wp\/v2\/pages"}],"about":[{"href":"https:\/\/ceuxquichantentdebout.fr\/index.php?rest_route=\/wp\/v2\/types\/page"}],"author":[{"embeddable":true,"href":"https:\/\/ceuxquichantentdebout.fr\/index.php?rest_route=\/wp\/v2\/users\/1"}],"replies":[{"embeddable":true,"href":"https:\/\/ceuxquichantentdebout.fr\/index.php?rest_route=%2Fwp%2Fv2%2Fcomments&post=567"}],"version-history":[{"count":24,"href":"https:\/\/ceuxquichantentdebout.fr\/index.php?rest_route=\/wp\/v2\/pages\/567\/revisions"}],"predecessor-version":[{"id":1000,"href":"https:\/\/ceuxquichantentdebout.fr\/index.php?rest_route=\/wp\/v2\/pages\/567\/revisions\/1000"}],"wp:attachment":[{"href":"https:\/\/ceuxquichantentdebout.fr\/index.php?rest_route=%2Fwp%2Fv2%2Fmedia&parent=567"}],"curies":[{"name":"wp","href":"https:\/\/api.w.org\/{rel}","templated":true}]}}

<style>.kb-row-layout-id567_02fa65-9f > .kt-row-column-wrap{align-content:start;}:where(.kb-row-layout-id567_02fa65-9f > .kt-row-column-wrap) > .wp-block-kadence-column{justify-content:start;}.kb-row-layout-id567_02fa65-9f > .kt-row-column-wrap{column-gap:var(--global-kb-gap-none, 0rem );row-gap:var(--global-kb-gap-none, 0rem );max-width:1088px;margin-left:auto;margin-right:auto;padding-top:var(--global-kb-spacing-sm, 1.5rem);padding-bottom:var(--global-kb-spacing-sm, 1.5rem);grid-template-columns:minmax(0, 1fr);}.kb-row-layout-id567_02fa65-9f{background-image:linear-gradient(92deg,rgb(204,186,151) 73%,rgb(20,39,109) 100%);}.kb-row-layout-id567_02fa65-9f > .kt-row-layout-overlay{opacity:0.30;background-image:url('http://ceuxquichantentdebout.fr/wp-content/uploads/2025/10/image-3.png');background-size:60% 60%;background-position:13% 100%;background-attachment:scroll;background-repeat:no-repeat;mix-blend-mode:overlay;}@media all and (max-width: 1024px){.kb-row-layout-id567_02fa65-9f > .kt-row-column-wrap{grid-template-columns:minmax(0, 1fr);}}@media all and (max-width: 767px){.kb-row-layout-id567_02fa65-9f > .kt-row-column-wrap{grid-template-columns:minmax(0, 1fr);}}</style><div class="kb-row-layout-wrap kb-row-layout-id567_02fa65-9f alignnone kt-row-has-bg wp-block-kadence-rowlayout"><div class="kt-row-layout-overlay kt-row-overlay-normal"></div><div class="kt-row-column-wrap kt-has-1-columns kt-row-layout-equal kt-tab-layout-inherit kt-mobile-layout-row kt-row-valign-top">
<style>.kadence-column567_a83dc9-ba > .kt-inside-inner-col,.kadence-column567_a83dc9-ba > .kt-inside-inner-col:before{border-top-left-radius:0px;border-top-right-radius:0px;border-bottom-right-radius:0px;border-bottom-left-radius:0px;}.kadence-column567_a83dc9-ba > .kt-inside-inner-col{column-gap:var(--global-kb-gap-sm, 1rem);}.kadence-column567_a83dc9-ba > .kt-inside-inner-col{flex-direction:column;}.kadence-column567_a83dc9-ba > .kt-inside-inner-col > .aligncenter{width:100%;}.kadence-column567_a83dc9-ba > .kt-inside-inner-col:before{opacity:0.3;}.kadence-column567_a83dc9-ba{text-align:center;}.kadence-column567_a83dc9-ba{position:relative;}@media all and (max-width: 1024px){.kadence-column567_a83dc9-ba > .kt-inside-inner-col{flex-direction:column;justify-content:center;}}@media all and (max-width: 767px){.kadence-column567_a83dc9-ba > .kt-inside-inner-col{flex-direction:column;justify-content:center;}}</style>
<div class="wp-block-kadence-column kadence-column567_a83dc9-ba"><div class="kt-inside-inner-col"><div class="wp-block-image is-style-default">
<figure class="aligncenter size-full"><img loading="lazy" decoding="async" width="1863" height="893" src="https://ceuxquichantentdebout.fr/wp-content/uploads/2023/12/Chorale-2023-cadre.jpg" alt="" class="wp-image-696" srcset="https://ceuxquichantentdebout.fr/wp-content/uploads/2023/12/Chorale-2023-cadre.jpg 1863w, https://ceuxquichantentdebout.fr/wp-content/uploads/2023/12/Chorale-2023-cadre-300x144.jpg 300w, https://ceuxquichantentdebout.fr/wp-content/uploads/2023/12/Chorale-2023-cadre-1024x491.jpg 1024w, https://ceuxquichantentdebout.fr/wp-content/uploads/2023/12/Chorale-2023-cadre-768x368.jpg 768w, https://ceuxquichantentdebout.fr/wp-content/uploads/2023/12/Chorale-2023-cadre-1536x736.jpg 1536w" sizes="auto, (max-width: 1863px) 100vw, 1863px" /></figure></div></div></div>


<style>.kadence-column567_f3d7bd-66 > .kt-inside-inner-col{display:flex;}.kadence-column567_f3d7bd-66 > .kt-inside-inner-col,.kadence-column567_f3d7bd-66 > .kt-inside-inner-col:before{border-top-left-radius:0px;border-top-right-radius:0px;border-bottom-right-radius:0px;border-bottom-left-radius:0px;}.kadence-column567_f3d7bd-66 > .kt-inside-inner-col{column-gap:var(--global-kb-gap-sm, 1rem);}.kadence-column567_f3d7bd-66 > .kt-inside-inner-col{flex-direction:column;align-items:center;}.kadence-column567_f3d7bd-66 > .kt-inside-inner-col > .kb-image-is-ratio-size{align-self:stretch;}.kadence-column567_f3d7bd-66 > .kt-inside-inner-col > .wp-block-kadence-advancedgallery{align-self:stretch;}.kadence-column567_f3d7bd-66 > .kt-inside-inner-col > .aligncenter{width:100%;}.kadence-column567_f3d7bd-66 > .kt-inside-inner-col:before{opacity:0.3;}.kadence-column567_f3d7bd-66{text-align:left;}.kadence-column567_f3d7bd-66{position:relative;}@media all and (max-width: 1024px){.kadence-column567_f3d7bd-66 > .kt-inside-inner-col{flex-direction:column;justify-content:center;align-items:center;}}@media all and (max-width: 767px){.kadence-column567_f3d7bd-66 > .kt-inside-inner-col{flex-direction:column;justify-content:center;align-items:center;}}</style>
<div class="wp-block-kadence-column kadence-column567_f3d7bd-66"><div class="kt-inside-inner-col">
<h2 class="wp-block-heading has-text-align-center has-theme-palette-3-color has-text-color has-link-color has-larger-font-size wp-elements-b7e452c1e1318bd24f55123c82ba6ca3"><strong>Le C(h)œur</strong></h2>



<p style="font-size:18px"><strong><em>E</em></strong>n septembre 2002, il y a près de 22 ans, naissait un petit groupe d’une dizaine de personnes dirigé par un chef de chœur passionné par les Musiques du Monde, les chants populaires, traditionnels et les chants sacrés…</p>



<p class="has-theme-palette-3-color has-text-color has-link-color wp-elements-f0637288f9c2dd76a059fd71197c9982" style="font-size:18px"><strong><em>F</em></strong>ormé à ce répertoire au théâtre du Lierre, il y a plus de 30 ans par des initiés de la 1ère heure, <a href="https://ceuxquichantentdebout.fr/?page_id=778" data-type="page" data-id="778">Fabrice Augé-Dedieu </a>importait sa passion dans une petite ville des Yvelines, &#8220;Maisons-Laffitte&#8221;, Cité du cheval.</p>



<p style="font-size:18px"><strong><em>V</em></strong>ingt-deux ans plus tard, la chorale comprend une quarantaine de chanteurs qui se retrouvent le mercredi soir pour faire vibrer leurs cordes vocales et communier ensemble sous la direction d’un chef de chœur toujours aussi passionné.<br><em><strong>C</strong></em>ette chorale, unique en son genre, est une aventure noble et artistique.<br><strong><em>C</em></strong>e qui nous anime à travers ces chants, c’est de nous initier aux différentes cultures du monde, différences humaines et linguistiques et à ce qui nous rassemble tout autant.<br><strong><em>C</em></strong>eux qui chantent debout, avec leurs origines mêlées et leurs chants ancestraux se dressent pour donner à entendre ces objets vocaux non identifiés, qu’ils ont reçus par le biais de la transmission orale&#8230; comme jadis.<br><strong><em>E</em></strong>n utilisant souvent des arrangements inédits, on peut dire qu&#8217;ils s’amusent bien. Ils vont même vous surprendre.</p>


<style>.wp-block-kadence-advancedheading.kt-adv-heading567_b2e6ce-76, .wp-block-kadence-advancedheading.kt-adv-heading567_b2e6ce-76[data-kb-block="kb-adv-heading567_b2e6ce-76"]{text-align:center;font-style:normal;}.wp-block-kadence-advancedheading.kt-adv-heading567_b2e6ce-76 mark.kt-highlight, .wp-block-kadence-advancedheading.kt-adv-heading567_b2e6ce-76[data-kb-block="kb-adv-heading567_b2e6ce-76"] mark.kt-highlight{font-style:normal;color:#f76a0c;-webkit-box-decoration-break:clone;box-decoration-break:clone;padding-top:0px;padding-right:0px;padding-bottom:0px;padding-left:0px;}.wp-block-kadence-advancedheading.kt-adv-heading567_b2e6ce-76 img.kb-inline-image, .wp-block-kadence-advancedheading.kt-adv-heading567_b2e6ce-76[data-kb-block="kb-adv-heading567_b2e6ce-76"] img.kb-inline-image{width:150px;vertical-align:baseline;}</style>
<h1 class="kt-adv-heading567_b2e6ce-76 wp-block-kadence-advancedheading has-theme-palette-3-color has-text-color" data-kb-block="kb-adv-heading567_b2e6ce-76">L&#8217;unité dans la diversité&#8230;</h1>



<p class="has-text-align-center" style="font-size:18px"><strong><em>La paix au c(h)œur, la force aux ventres, la douceur et l&#8217;émotion aux voix, </em></strong><br><strong><em>ils vous guident, en leurs palais… aux mille et une merveilles.</em></strong></p>



<p class="has-text-align-center has-theme-palette-3-color has-text-color has-link-color has-medium-font-size wp-elements-cd8668366c8958c00cfb3b9c6e4e1ce2"><strong>Venez nous <strong>écouter,</strong> <strong><strong>nous</strong></strong></strong> <strong>rencontrer&#8230; Venez chanter &nbsp;!</strong></p>
</div></div>

</div></div>


<p></p>

<p>Le C(h)œur En septembre 2002, il y a près de 22 ans, naissait un petit groupe d’une dizaine de personnes dirigé par un chef de chœur passionné par les Musiques du Monde, les chants populaires, traditionnels et les chants sacrés… Formé à ce répertoire au théâtre du Lierre, il y a plus de 30 ans&#8230;</p>
