{"id":832,"date":"2025-10-11T16:16:50","date_gmt":"2025-10-11T14:16:50","guid":{"rendered":"https:\/\/ceuxquichantentdebout.fr\/?page_id=832"},"modified":"2025-11-10T17:25:32","modified_gmt":"2025-11-10T16:25:32","slug":"biographie-fabrice","status":"publish","type":"page","link":"https:\/\/ceuxquichantentdebout.fr\/?page_id=832","title":{"rendered":"Biographie Fabrice"},"content":{"rendered":"<style>.kb-row-layout-id832_43bfa2-7b > .kt-row-column-wrap{align-content:start;}:where(.kb-row-layout-id832_43bfa2-7b > .kt-row-column-wrap) > .wp-block-kadence-column{justify-content:start;}.kb-row-layout-id832_43bfa2-7b > .kt-row-column-wrap{column-gap:var(--global-kb-gap-md, 2rem);row-gap:var(--global-kb-gap-md, 2rem);grid-template-columns:minmax(0, 1fr);}.kb-row-layout-id832_43bfa2-7b{background-image:linear-gradient(84deg,rgb(212,186,147) 56%,rgb(134,150,207) 100%);}.kb-row-layout-id832_43bfa2-7b > .kt-row-layout-overlay{opacity:0.30;}@media all and (max-width: 1024px){.kb-row-layout-id832_43bfa2-7b > .kt-row-column-wrap{grid-template-columns:minmax(0, 1fr);}}@media all and (max-width: 767px){.kb-row-layout-id832_43bfa2-7b > .kt-row-column-wrap{grid-template-columns:minmax(0, 1fr);}}<\/style><div class=\"kb-row-layout-wrap kb-row-layout-id832_43bfa2-7b alignnone kt-row-has-bg wp-block-kadence-rowlayout\"><div class=\"kt-row-column-wrap kt-has-1-columns kt-row-layout-equal kt-tab-layout-inherit kt-mobile-layout-row kt-row-valign-top\">\n<style>.kadence-column832_b3926a-d6 > .kt-inside-inner-col,.kadence-column832_b3926a-d6 > .kt-inside-inner-col:before{border-top-left-radius:0px;border-top-right-radius:0px;border-bottom-right-radius:0px;border-bottom-left-radius:0px;}.kadence-column832_b3926a-d6 > .kt-inside-inner-col{column-gap:var(--global-kb-gap-sm, 1rem);}.kadence-column832_b3926a-d6 > .kt-inside-inner-col{flex-direction:column;}.kadence-column832_b3926a-d6 > .kt-inside-inner-col > .aligncenter{width:100%;}.kadence-column832_b3926a-d6 > .kt-inside-inner-col:before{opacity:0.3;}.kadence-column832_b3926a-d6{position:relative;}@media all and (max-width: 1024px){.kadence-column832_b3926a-d6 > .kt-inside-inner-col{flex-direction:column;justify-content:center;}}@media all and (max-width: 767px){.kadence-column832_b3926a-d6 > .kt-inside-inner-col{flex-direction:column;justify-content:center;}}<\/style>\n<div class=\"wp-block-kadence-column kadence-column832_b3926a-d6\"><div class=\"kt-inside-inner-col\">\n<p class=\"has-text-align-center\" style=\"font-size:37px\"><strong><br>BIOGRAPHIE de Fabrice<\/strong><\/p>\n<\/div><\/div>\n\n<\/div><\/div>\n\n<style>.kb-row-layout-id832_d10fa6-18 > .kt-row-column-wrap{align-content:start;}:where(.kb-row-layout-id832_d10fa6-18 > .kt-row-column-wrap) > .wp-block-kadence-column{justify-content:start;}.kb-row-layout-id832_d10fa6-18 > .kt-row-column-wrap{column-gap:var(--global-kb-gap-md, 2rem);row-gap:var(--global-kb-gap-md, 2rem);grid-template-columns:minmax(0, 1fr);}.kb-row-layout-id832_d10fa6-18{background-image:linear-gradient(84deg,rgb(212,186,147) 56%,rgb(134,150,207) 100%);}.kb-row-layout-id832_d10fa6-18 > .kt-row-layout-overlay{opacity:0.30;}@media all and (max-width: 1024px){.kb-row-layout-id832_d10fa6-18 > .kt-row-column-wrap{grid-template-columns:minmax(0, 1fr);}}@media all and (max-width: 767px){.kb-row-layout-id832_d10fa6-18 > .kt-row-column-wrap{grid-template-columns:minmax(0, 1fr);}}<\/style><div class=\"kb-row-layout-wrap kb-row-layout-id832_d10fa6-18 alignnone kt-row-has-bg wp-block-kadence-rowlayout\"><div class=\"kt-row-column-wrap kt-has-1-columns kt-row-layout-equal kt-tab-layout-inherit kt-mobile-layout-row kt-row-valign-top\">\n<style>.kadence-column832_a2283d-98 > .kt-inside-inner-col,.kadence-column832_a2283d-98 > .kt-inside-inner-col:before{border-top-left-radius:0px;border-top-right-radius:0px;border-bottom-right-radius:0px;border-bottom-left-radius:0px;}.kadence-column832_a2283d-98 > .kt-inside-inner-col{column-gap:var(--global-kb-gap-sm, 1rem);}.kadence-column832_a2283d-98 > .kt-inside-inner-col{flex-direction:column;}.kadence-column832_a2283d-98 > .kt-inside-inner-col > .aligncenter{width:100%;}.kadence-column832_a2283d-98 > .kt-inside-inner-col:before{opacity:0.3;}.kadence-column832_a2283d-98{position:relative;}@media all and (max-width: 1024px){.kadence-column832_a2283d-98 > .kt-inside-inner-col{flex-direction:column;justify-content:center;}}@media all and (max-width: 767px){.kadence-column832_a2283d-98 > .kt-inside-inner-col{flex-direction:column;justify-content:center;}}<\/style>\n<div class=\"wp-block-kadence-column kadence-column832_a2283d-98\"><div class=\"kt-inside-inner-col\">\n<p class=\"has-text-align-left\">La musique a toujours fait partie de la vie de Fabrice. Tout d\u2019abord berc\u00e9 par les grands de la chanson fran\u00e7aise,<em> Ferr\u00e9, Brel, Brassens,<\/em> en 1973, puis &nbsp;par le rock, subjugu\u00e9 par l\u2019album <em>Dark Side of the Moon<\/em> de Pink Floyd, il cr\u00e9e avec des \u201cpotes\u201d, son propre groupe qui se produit r\u00e9guli\u00e8rement.<\/p>\n\n\n\n<p>En 1984, des influences sud-africaines bousculent son univers musical avec notamment la d\u00e9couverte du Johnny Clegg, qui m\u00eale textes anglo-saxons et musique occidentale \u00e0 la langue et aux rythmes traditionnels zoulous.<br>Cette musique, les chants africains, et plus largement les chants traditionnels du monde, vont le nourrir passionn\u00e9ment.<\/p>\n\n\n\n<p>A partir de 1994, il cherche \u00e0 am\u00e9liorer sa technique vocale en se formant <em>\u00e0 l\u2019ARIAM. Il y <\/em>rencontre le Quatuor Nomad et fait \u00e9galement partie du Th\u00e9\u00e2tre du Lierre, compagnie qui monte des trag\u00e9dies.<br>En 1998, il quitte son m\u00e9tier de juriste et se lance comme chanteur puis com\u00e9dien professionnel. Il collabore et joue de nombreuses com\u00e9dies musicales et pi\u00e8ces de th\u00e9\u00e2tre.<br>En 2002, Fabrice fonde en septembre, l\u2019association \u201c<strong><a href=\"https:\/\/ceuxquichantentdebout.fr\/?page_id=567\" data-type=\"page\" data-id=\"567\">Ceux qui chantent Debout<\/a><\/strong>\u201d avec des proches et la m\u00eame ann\u00e9e il chante avec <em>Lisa Mimouni<\/em>, sur l\u2019album Tempo Libre, floril\u00e8ge de chants du monde a cappella \u00e0 4 voix.<br>En 2023, il sort l\u2019album &#8221; Fada &#8220;, \u0153uvre tr\u00e8s personnelle et intimiste dont il est le principal auteur et compositeur.<\/p>\n\n\n\n<p><a href=\"https:\/\/www.facebook.com\/watch\/?v=1385272845791377\">Interview<\/a><\/p>\n\n\n\n<p><\/p>\n<\/div><\/div>\n\n<\/div><\/div>","protected":false},"excerpt":{"rendered":"<p>BIOGRAPHIE de Fabrice La musique a toujours fait partie de la vie de Fabrice. Tout d\u2019abord berc\u00e9 par les grands de la chanson fran\u00e7aise, Ferr\u00e9, Brel, Brassens, en 1973, puis &nbsp;par le rock, subjugu\u00e9 par l\u2019album Dark Side of the Moon de Pink Floyd, il cr\u00e9e avec des \u201cpotes\u201d, son propre groupe qui se produit&#8230;<\/p>\n","protected":false},"author":1,"featured_media":0,"parent":0,"menu_order":0,"comment_status":"closed","ping_status":"closed","template":"","meta":{"_kadence_starter_templates_imported_post":false,"_kad_post_transparent":"","_kad_post_title":"","_kad_post_layout":"","_kad_post_sidebar_id":"","_kad_post_content_style":"","_kad_post_vertical_padding":"","_kad_post_feature":"","_kad_post_feature_position":"","_kad_post_header":false,"_kad_post_footer":false,"footnotes":""},"class_list":["post-832","page","type-page","status-publish","hentry"],"_links":{"self":[{"href":"https:\/\/ceuxquichantentdebout.fr\/index.php?rest_route=\/wp\/v2\/pages\/832","targetHints":{"allow":["GET"]}}],"collection":[{"href":"https:\/\/ceuxquichantentdebout.fr\/index.php?rest_route=\/wp\/v2\/pages"}],"about":[{"href":"https:\/\/ceuxquichantentdebout.fr\/index.php?rest_route=\/wp\/v2\/types\/page"}],"author":[{"embeddable":true,"href":"https:\/\/ceuxquichantentdebout.fr\/index.php?rest_route=\/wp\/v2\/users\/1"}],"replies":[{"embeddable":true,"href":"https:\/\/ceuxquichantentdebout.fr\/index.php?rest_route=%2Fwp%2Fv2%2Fcomments&post=832"}],"version-history":[{"count":4,"href":"https:\/\/ceuxquichantentdebout.fr\/index.php?rest_route=\/wp\/v2\/pages\/832\/revisions"}],"predecessor-version":[{"id":972,"href":"https:\/\/ceuxquichantentdebout.fr\/index.php?rest_route=\/wp\/v2\/pages\/832\/revisions\/972"}],"wp:attachment":[{"href":"https:\/\/ceuxquichantentdebout.fr\/index.php?rest_route=%2Fwp%2Fv2%2Fmedia&parent=832"}],"curies":[{"name":"wp","href":"https:\/\/api.w.org\/{rel}","templated":true}]}}